ist the prime factors of 71217155.
5, 127, 112153
List the prime factors of 306080072.
2, 1759, 21751
List the prime factors of 529908000.
2, 3, 5, 44159
What are the prime factors of 824517759?
3, 13, 21141481
What are the prime factors of 793201005?
3, 5, 37, 43, 1231
What are the prime factors of 333323406?
2, 3, 13, 23, 61933
List the prime factors of 650648760.
2, 3, 5, 5422073
List the prime factors of 2884249234.
2, 37, 38976341
List the prime factors of 964545852.
2, 3, 113, 711317
What are the prime factors of 131267550?
2, 3, 5, 875117
List the prime factors of 1108791247.
37, 29967331
List the prime factors of 1136824992.
2, 3, 3947309
What are the prime factors of 238143813?
3, 79381271
What are the prime factors of 16408468?
2, 17, 227, 1063
What are the prime factors of 4095017382?
2, 3, 23, 733, 40483
List the prime factors of 216187680.
2, 3, 5, 450391
List the prime factors of 43962339.
3, 557, 26309
List the prime factors of 1065999.
3, 11, 32303
List the prime factors of 487404818.
2, 1297, 187897
List the prime factors of 103957249.
11, 1303, 7253
What are the prime factors of 1850110735?
5, 11, 33638377
What are the prime factors of 42856314?
2, 3, 23, 310553
List the prime factors of 337550134.
2, 31, 5444357
List the prime factors of 658411866.
2, 3, 7, 41, 233, 547
List the prime factors of 128583809.
271, 474479
What are the prime factors of 143084047?
53, 1499, 1801
What are the prime factors of 467133629?
3769, 123941
List the prime factors of 135765343.
7, 23, 421, 2003
What are the prime factors of 767604492?
2, 3, 149, 47701
List the prime factors of 90853252.
2, 7, 463537
List the prime factors of 19726047.
3, 11, 19, 10487
What are the prime factors of 111278096?
2, 31, 224351
What are the prime factors of 246024206?
2, 123012103
What are the prime factors of 420865308?
2, 3, 432989
List the prime factors of 7459990615.
5, 7, 11, 19, 83, 1117
What are the prime factors of 1735452052?
2, 433863013
List the prime factors of 257934948.
2, 3, 17, 1264387
What are the prime factors of 84520568?
2, 11, 59, 73, 223
List the prime factors of 67139422.
2, 7, 109, 43997
List the prime factors of 53782445.
5, 19, 566131
What are the prime factors of 1815539614?
2, 7, 31, 41, 102031
What are the prime factors of 92491600?
2, 5, 31, 7459
What are the prime factors of 141483050?
2, 5, 2829661
What are the prime factors of 27678348?
2, 3, 85427
What are the prime factors of 223717016?
2, 1231, 22717
What are the prime factors of 2114183087?
17, 124363711
What are the prime factors of 991953436?
2, 479, 517721
List the prime factors of 549706185.
3, 5, 7, 359, 4861
What are the prime factors of 5585202944?
2, 61, 357659
What are the prime factors of 967460840?
2, 5, 191, 126631
List the prime factors of 42515225.
5, 1700609
What are the prime factors of 2024614012?
2, 1249, 405247
What are the prime factors of 15882239?
79, 127, 1583
What are the prime factors of 163586842?
2, 37, 2210633
What are the prime factors of 671997078?
2, 3, 37333171
List the prime factors of 171676973.
13, 569, 23209
List the prime factors of 120320820.
2, 3, 5, 23, 29063
What are the prime factors of 15350016?
2, 3, 11, 23, 79
What are the prime factors of 45946098?
2, 3, 11, 232051
What are the prime factors of 321989351?
23, 13999537
What are the prime factors of 90721904?
2, 7, 13, 4793
What are the prime factors of 67780284?
2, 3, 11, 13, 39499
List the prime factors of 3328419835.
5, 13, 131, 390889
List the prime factors of 26575204.
2, 43, 367, 421
What are the prime factors of 164323188?
2, 3, 31, 49081
List the prime factors of 667109062.
2, 333554531
List the prime factors of 362832438.
2, 3, 7159, 8447
List the prime factors of 34047902.
2, 7, 193, 12601
List the prime factors of 398038692.
2, 3, 53, 67, 9341
List the prime factors of 17817365.
5, 3563473
List the prime factors of 5243624814.
2, 3, 1109, 788041
What are the prime factors of 195777195?
3, 5, 199, 65587
List the prime factors of 24069376.
2, 167, 563
What are the prime factors of 90841753?
90841753
List the prime factors of 87452705.
5, 31, 107, 5273
List the prime factors of 160550498.
2, 269, 457, 653
List the prime factors of 333216922.
2, 41, 97, 41893
What are the prime factors of 29405859?
3, 7, 1400279
What are the prime factors of 129517885?
5, 7, 3700511
List the prime factors of 133100378.
2, 17, 419, 9343
List the prime factors of 23249704.
2, 2906213
What are the prime factors of 3995718560?
2, 5, 661, 37781
List the prime factors of 213620532.
2, 3, 17801711
What are the prime factors of 960096637?
487, 1971451
List the prime factors of 42640828.
2, 17, 627071
What are the prime factors of 170091712?
2, 7, 313, 1213
List the prime factors of 1397569547.
11, 607, 209311
What are the prime factors of 356337314?
2, 41, 4345577
List the prime factors of 79123411.
431, 183581
List the prime factors of 36326391.
3, 12108797
What are the prime factors of 100038684?
2, 3, 23, 362459
What are the prime factors of 144672377?
191, 683, 1109
List the prime factors of 135819165.
3, 5, 241, 37571
List the prime factors of 166760530.
2, 5, 19, 41, 21407
What are the prime factors of 565716206?
2, 11, 733, 35081
What are the prime factors of 50840332?
2, 12710083
What are the prime factors of 1435021348?
2, 859, 417643
List the prime factors of 6190653.
3, 7, 294793
List the prime factors of 471537099.
3, 11, 23, 69029
List the prime factors of 97243910.
2, 5, 17, 572023
What are the prime factors of 120152470?
2, 5, 239, 50273
List the prime factors of 60257195.
5, 139, 277, 313
List the prime factors of 88966944.
2, 3, 11, 23, 37
List the prime factors of 8922928.
2, 7, 79669
What are the prime factors of 16416365?
5, 7, 23, 20393
List the prime factors of 28212420.
2, 3, 5, 470207
What are the prime factors of 170054103?
3, 6299, 8999
What are the prime factors of 13104278?
2, 11, 103, 5783
List the prime factors of 4280372567.
127, 33703721
What are the prime factors of 40577678?
2, 37, 548347
What are the prime factors of 926321386?
2, 53, 8738881
What are the prime factors of 16509593?
41, 281, 1433
List the prime factors of 774915632.
2, 23, 101, 20849
List the prime factors of 31267544.
2, 7, 11, 193, 263
What are the prime factors of 4461483797?
38917, 114641
List the prime factors of 74785164.
2, 3, 6232097
What are the prime factors of 31811068?
2, 7952767
What are the prime factors of 45322289?
17, 157, 16981
What are the prime factors of 51686510?
2, 5, 191, 27061
What are the prime factors of 321505406?
2, 2141, 75083
What are the prime factors of 181777490?
2, 5, 31, 103, 5693
List the prime factors of 47762070.
2, 3, 5, 1592069
List the prime factors of 101967273.
3, 97, 271, 431
List the prime factors of 550942405.
5, 13, 1181, 7177
List the prime factors of 1052915205.
3, 5, 61, 149, 7723
List the prime factors of 4804227917.
2333, 2059249
What are the prime factors of 100167911?
9199, 10889
List the prime factors of 285878556.
2, 3, 439, 18089
What are the prime factors of 1992516756?
2, 3, 17, 1049, 9311
List the prime factors of 55933989.
3, 3203, 5821
What are the prime factors of 51247266?
2, 3, 7, 23, 53051
What are the prime factors of 517576720?
2, 5, 19, 37, 9203
List the prime factors of 45317229.
3, 15105743
List the prime factors of 6162193605.
3, 5, 41, 1019, 9833
What are the prime factors of 690076880?
2, 5, 8625961
What are the prime factors of 74351147?
13, 1151, 4969
What are the prime factors of 3630643077?
3, 1210214359
What are the prime factors of 48309960?
2, 3, 5, 402583
What are the prime factors of 109351283?
109351283
List the prime factors of 5724614876.
2, 31, 6719, 6871
List the prime factors of 82492567.
47, 1755161
What are the prime factors of 348121023?
3, 71, 1634371
What are the prime factors of 71393154?
2, 3, 7, 1699837
List the prime factors of 1424355937.
23, 257, 240967
List the prime factors of 2721177294.
2, 3, 11, 41229959
What are the prime factors of 478186015?
5, 19, 43, 61, 101
List the prime factors of 471524991.
3, 7, 59, 54367
What are the prime factors of 313400134?
2, 17, 829, 11119
List the prime factors of 435342345.
3, 5, 19, 29, 52673
List the prime factors of 40618424.
2, 7, 11, 233, 283
List the 